. Let g be a(-14). Let c = g - 7. Calculate the greatest common factor of c and 132.
12
Let g be 14/2 - (-9 + 11). Suppose 4*l - 12 = 8. What is the greatest common divisor of l and g?
5
Suppose 6*p - 2127 = -2*t + 7*p, -2*t - 4*p + 2112 = 0. What is the highest common factor of 472 and t?
118
Let q = 12 - 8. Suppose g = 4*p + p + 28, -5*p = -2*g + 56. What is the greatest common factor of q and g?
4
Suppose 5*i - 290 = -5*i. Calculate the greatest common divisor of i and 377.
29
Let y be 0/(3 + -2) + 5. Suppose 0 = 4*h - y - 59. What is the greatest common divisor of 176 and h?
16
Let p(h) = 3*h - 9. Let n be p(6). Let o = -1 - -1. Suppose 0 = 2*g - o*g - 72. What is the highest common divisor of g and n?
9
Let d = -28 + 35. Let b(f) = 7*f - 19. Let a be b(d). What is the highest common divisor of a and 240?
30
Let n = 58 - 48. Let z be 2/(-13) - (-201)/39. Suppose -r = -n - z. What is the greatest common divisor of 15 and r?
15
Let m = 29 + -22. Let u = -116 + 205. Suppose m + u = 4*x. Calculate the greatest common factor of 3 and x.
3
Let f = -36 + 88. Calculate the highest common divisor of 572 and f.
52
Let k(t) be the second derivative of t**2 - 1/6*t**3 - t + 0. Let i be k(-9). What is the greatest common divisor of 99 and i?
11
Let n be (7*-6)/(-3) + 0 + 0. Let x = -10 + n. What is the highest common divisor of 48 and x?
4
Let g be (4/6)/(10/285). Suppose 14*c + 15 = g*c. Suppose 5*h = 3*o - 300, 0 = -4*o - 7*h + c*h + 368. Calculate the greatest common factor of o and 19.
19
Let u = 14 + -7. Let x be 19/(-4)*(-4)/1 - -2. What is the greatest common factor of u and x?
7
Suppose -2*s = -3*v - 10, -3*s + 4*v = -s - 14. Let y(i) = 63*i**2. Let d be y(s). Let p = -7 + 16. Calculate the highest common divisor of d and p.
9
Let g = -51 + 59. Let s be (2/g - (-6)/8) + 8. Calculate the highest common divisor of 99 and s.
9
Let u be (129/(-6) + 4)*-24. Calculate the highest common divisor of 300 and u.
60
Suppose 5*c - g - 2*g + 36 = 0, 4*c + 2*g = -42. Let k be (-38)/(6/15*15/c). Calculate the highest common factor of 38 and k.
19
Let p be (23/(-46))/(2/4). Let z be (9/(-5) - p)*(-5)/2. What is the greatest common divisor of 9 and z?
1
Let q(h) = -h - 2. Let k be q(1). Let x(s) = s**2 + 3*s. Let z be x(k). Let c be (2 - -61)/(z - -1). Calculate the highest common divisor of c and 7.
7
Let d(r) = 9 - 2 + 5*r + 7 + r + r**2. Let q be d(-5). Let n(i) = 99*i**2 - i - 1. Let x be n(-1). What is the greatest common factor of q and x?
9
Suppose 2 + 1 = o, -o = p + 5. Let t be 0 + (0 - -55) - p/(-8). What is the highest common divisor of t and 27?
27
Suppose -4*y = -8*n + 3*n + 2, 4*n - 4*y = 0. Calculate the highest common divisor of n and 17.
1
Suppose 0 = -12*v - 3199 + 8959. What is the greatest common factor of v and 32?
32
Suppose -5*c + 11 + 99 = 3*m, 5*c - 4*m - 110 = 0. Let b = c + 29. Calculate the highest common divisor of b and 34.
17
Let z(g) = -4*g + 56. Suppose 4*x - 4 = -5*s - 34, 5*s = 3*x - 30. Let f be z(s). Calculate the greatest common divisor of 200 and f.
40
Let l(m) = m**3 - 2*m**2 + m + 1. Let w be l(0). Suppose -5*b + 9 = -w. Calculate the greatest common divisor of b and 22.
2
Let x = 1730 - 1618. Suppose -3*h + 140 = 2*h. Calculate the highest common factor of x and h.
28
Let t be 16/(-56) + 1222/14. Let g(l) = -54*l - 4 + 1 + 7 - t*l. Let a be g(-2). Calculate the greatest common factor of 26 and a.
26
Let b(x) = -3*x**3 - 4*x**2 + x + 7. Let d be b(-2). What is the greatest common divisor of 169 and d?
13
Let w(u) = -25*u - 23. Let f(l) = 12*l + 11. Let n(t) = -10*f(t) - 4*w(t). Let z be n(-3). Calculate the highest common factor of z and 168.
42
Let u be (54 - -42)/(1 - 6/7). What is the highest common divisor of u and 42?
42
Suppose -3*o = 3*c + 2*o - 316, -4 = o. Calculate the greatest common divisor of c and 308.
28
Let c be -7 - (-16)/(-8 - -4). Let v be (22 - -1) + (c - -8). Calculate the highest common divisor of 40 and v.
20
Suppose -6*g = 4*w - 9*g - 48, 14 = 2*w - 4*g. Calculate the highest common divisor of w and 30.
15
Let w(c) = -c**3 + 2*c - 8. Let d be w(-3). Calculate the greatest common divisor of d and 117.
13
Let u be (58/4)/((-1)/(-14)). Suppose -4*g - 63 = -17*d + 14*d, 5*d + g = 151. Calculate the highest common divisor of d and u.
29
Let j = -429 - -639. Calculate the highest common factor of j and 294.
42
Let t(s) = 7 - 14 + 28*s - 6 - 31*s. Let p be t(-7). Calculate the greatest common divisor of 88 and p.
8
Let x = 1701 + -601. What is the highest common factor of 55 and x?
55
Let h = -4 + 7. Let u be (-1 - -2)/(-4 - 13/(-3)). Calculate the greatest common factor of u and h.
3
Let y be 332/12 + (-2)/(-6). What is the highest common factor of 112 and y?
28
Let c(j) = j**2 + 10*j - 9. Let q be c(-11). Suppose 0 = -q*v - 0*v + 72. What is the highest common divisor of 9 and v?
9
Suppose -5*s + 0*k - 143 = 2*k, 5*s + k + 144 = 0. Let q = s + 99. Let v(f) = -f**2 + 10*f + 5. Let a be v(9). What is the highest common factor of a and q?
14
Let w be (3*48/162)/((-4)/(-18) + 0). Let d be (-3 - 1)/(2/(-32)). What is the greatest common factor of d and w?
4
Let f = 46 + -35. Let z(l) = 29*l**2 - 2*l - 2. Let a(p) = p**2 + 12*p + 2. Let v be a(-12). Let x be z(v). What is the greatest common factor of x and f?
11
Suppose 0 = -2*z + 10 + 2. Let s = 5 + z. Let d be 22/((-4 - 0) + 6). What is the greatest common divisor of s and d?
11
Suppose -8*o + 138 = -2*o. Suppose -125 = -4*b + o. What is the greatest common divisor of 333 and b?
37
Let w(o) = 23*o + 13. Let i be w(2). What is the greatest common factor of i and 177?
59
Let p be -1 + 381 + (-1 - -2) + -5. Suppose 3*z = t + 280, -4*z + 5*t + p = 3*t. Calculate the highest common factor of z and 23.
23
Let a be (-4)/14 - 698/7. Let k = -37 - a. Let l = 139 + -97. What is the greatest common divisor of l and k?
21
Let u(x) = 2*x**3 + 36*x**2 - 2*x + 6. Let t be u(-18). Calculate the greatest common factor of 378 and t.
42
Let m(t) = -t**2 - 10*t. Let a be m(-10). Suppose a = 8*w - 1329 + 49. Calculate the highest common factor of 20 and w.
20
Suppose -81*a - 1392 = -85*a. What is the highest common divisor of a and 580?
116
Suppose -6*n = -7*n + 6. Suppose -n*q + 90 = -3*q. What is the greatest common divisor of q and 20?
10
Let c = 2009 + -1673. Calculate the highest common factor of 616 and c.
56
Let g(c) = -c**3 + 3*c**2 + 2*c - 1. Let z = 13 - 15. Let a be g(z). Calculate the highest common factor of 15 and a.
15
Let p be 73 - -2*14/4. Calculate the greatest common divisor of 40 and p.
40
Suppose -246 = -p + 3*f, 5*p = -2*f + 438 + 758. Let g = -309 + 339. Calculate the greatest common factor of p and g.
30
Let b = 9 - -5. Suppose 8 = -4*a, -3*o + b = 5*a - 9. What is the greatest common divisor of o and 132?
11
Let k = -734 + 759. What is the highest common factor of k and 3?
1
Suppose -5*a + 344 = -3*o + 79, -2*a - o = -117. Calculate the highest common factor of 70 and a.
14
Let p = 57 - 42. Let g be -1*(1 + 0 + 7). Let i = g - -14. What is the greatest common divisor of p and i?
3
Suppose -3*t + 5*s + 172 = 0, s + 252 = 4*t - 0*s. Let n = -12 + 172. Calculate the greatest common factor of n and t.
32
Let b be ((-24)/(-2))/(24/(-32)). Let f = b - -24. Let s be f - 2 - (-7 - -3). What is the highest common divisor of 15 and s?
5
Let n be (11/4)/(12/1536). What is the greatest common divisor of 33 and n?
11
Let r be ((-2)/(-4))/(4/104). Calculate the greatest common divisor of r and 793.
13
Let l = 71 + 23. Let b(r) = r + 1. Let q be b(-3). Let h = l - q. What is the greatest common factor of h and 12?
12
Let r be (-1)/1 + 45/15 - -958. What is the highest common factor of 15 and r?
15
Suppose 7*a + 265 + 120 = 0. Let l = 63 + a. Suppose 0 = 3*d - 52 - 8. Calculate the highest common divisor of l and d.
4
Let q(a) = -19 + 0*a - 3*a + 12 + a**2 + 6. Let g be q(4). Calculate the highest common factor of 12 and g.
3
Let n = -369 + 489. Let x be -1*-6*(-5)/(-2). Calculate the greatest common divisor of n and x.
15
Let y = 129 - 79. Suppose 2809 = 25*b - 2191. What is the greatest common factor of b and y?
50
Suppose 0 = -9*g - 455 + 779. What is the highest common divisor of 936 and g?
36
Suppose c + 6 = 3*c. Suppose -7 = -3*x - s - 0*s, 5*s - c = x. Le